 2*r - 22 = i*r, -23 = -3*l + 5*r. List the prime factors of l.
2
Let i = 260 + 31. What are the prime factors of i?
3, 97
Let z = -2199 + 4085. List the prime factors of z.
2, 23, 41
Let a be (-2)/(16/12)*-14. Let j = a + -23. Let l(k) = -6*k**3 - 4*k**2 - 2*k + 1. List the prime factors of l(j).
37
Suppose -24*n = -20*n - 1012. List the prime factors of n.
11, 23
Suppose -5*m + 902 = 2*c, c + 440 = 2*c - 3*m. Suppose 7*f - 79 - c = 0. What are the prime factors of f?
3, 5
Let z be 5 + 58/(-6) + (-2)/(-3). List the prime factors of 1/z - 1227/(-12).
2, 3, 17
Let b = 25 + -59. Let k = -65 + 45. Let q = k - b. What are the prime factors of q?
2, 7
Suppose 0 = -a + 2*f + 3345, 4*f - 15188 = -4*a - 1808. What are the prime factors of a?
3, 5, 223
Suppose 290 - 33 = 5*b + 4*v, -5*b - 2*v + 251 = 0. Let c = b + -27. What are the prime factors of c?
2, 11
Suppose 5*l - 2*s - 53 = 0, -2*l + 7 + 11 = -4*s. Suppose -2*t + 4*j - 4 = 0, -2*t - 2*j + l = -9. Suppose -k + 38 = t. List the prime factors of k.
2
Let q be (-2050)/(-12) + 4/24. List the prime factors of (0 + q)*5/15.
3, 19
Let n(w) = 5*w**2 + 3*w - 3. Let h(o) = -5*o**2 - 3*o + 2. Let r(j) = -4*h(j) - 3*n(j). What are the prime factors of r(-2)?
3, 5
Let o(q) = q + 9. Let i be o(-7). Suppose -5*d = -i*d - 135. What are the prime factors of d?
3, 5
Suppose -206*n + 146*n = -201120. List the prime factors of n.
2, 419
Suppose -24 = -2*t - 4*c, 6*t - 3*t + 2*c = 16. Suppose 0 = t*n - 6*n + 420. What are the prime factors of n?
3, 5, 7
List the prime factors of 319 + ((-5)/(-1))/(14/(-14)).
2, 157
Let f(c) = -c**3 + 46*c**2 - 40*c + 3. What are the prime factors of f(45)?
2, 3, 19
Suppose -3*a = -6*a. Let m(n) = -17*n + 17. Let r be m(-6). Suppose 0 = 4*p + p + 2*i - r, -5*p - 3*i + 121 = a. List the prime factors of p.
23
Let c(s) be the third derivative of -43*s**6/40 - s**5/30 + s**3/6 - 17*s**2. List the prime factors of c(-1).
2
Let c = 18 - 13. Let j(a) be the second derivative of a**4/6 - a**3 + 5*a**2/2 - 15*a. What are the prime factors of j(c)?
5
Let u(p) = 5*p + 18. Let y be u(-8). Let f(n) = -62*n - 3. Let k be f(-1). Let a = y + k. List the prime factors of a.
37
Let f(t) = 0*t**2 - 2*t**2 - 2*t + 14*t**2 - 2 + 4*t. List the prime factors of f(3).
2, 7
Suppose -4*f + j = -2483, -4*f + 4*j + 2163 = -317. List the prime factors of f.
3, 23
Let h = 25 + -20. Suppose 21 = -l + h*f, f = l + 1 - 0. Suppose l*i - 35 - 37 = 0. List the prime factors of i.
2, 3
Let z(k) = 19*k - 1. Let t be z(4). Suppose 40 = -a - l - 3*l, -4*a + l = t. What are the prime factors of a/(-3)*12/5?
2
Let d(w) be the second derivative of w**5/20 + w**4/3 - w**3/3 - 5*w**2/2 + 11*w. What are the prime factors of d(4)?
5, 23
Let o(c) = -c**2 - 18*c. Let u(w) = 2*w**2 + 35*w. Let a(l) = -7*o(l) - 4*u(l). Suppose 3*y = -30 - 9. What are the prime factors of a(y)?
13
Suppose 2*a + 51 = 187. Suppose 3*o - 6*o = 129. Let s = o + a. List the prime factors of s.
5
Suppose 5*k - 2*n - 22 = 2*n, k - 2*n - 8 = 0. Let b(w) = 2*w**2 + w + 5. Let c be b(7). Suppose -3*q = k*q - c. List the prime factors of q.
2, 11
Suppose 5*h = -4*i + 7*i + 15, 12 = i + 4*h. Let y(b) = b**2 + 5*b + 23. What are the prime factors of y(i)?
23
Suppose -20*t + 53849 + 1431 = 0. List the prime factors of t.
2, 691
Suppose -5*b + j = -5445, 3*j - 1089 = -b - 2*j. List the prime factors of b.
3, 11
Let j = 242 - 57. Let l = 34 + j. List the prime factors of l.
3, 73
Let i(j) = -j - 5. Let x be i(-4). Let k be 16 + -2 - (x + 3). Suppose -h + k = -19. List the prime factors of h.
31
Suppose -5*q = 3*t - 4088, -2450 = -3*q + 2*t - t. List the prime factors of q.
19, 43
Let f(a) = -a**3 - 6*a**2 - 9*a - 5. Let y(u) = u - 1. Let d(g) = f(g) + 2*y(g). Let t be 125/(-20) + 1/4. List the prime factors of d(t).
5, 7
Let v be -1*(39*116)/6. Let y = v - -1092. What are the prime factors of y?
2, 13
Suppose -1120 = -4*d + k + 4*k, -d = -3*k - 280. Suppose 4*w - d + 40 = 0. List the prime factors of w.
2, 3, 5
Suppose -3*c = -1272 - 723. What are the prime factors of c?
5, 7, 19
Suppose -2*i - 16 = 16. Let c = i + 19. Suppose y + 80 = c*z, -4*z + 2*z - 5*y = -59. What are the prime factors of z?
3
Suppose 0 = -4*q + 5*g - 0*g + 33, 2*q - 19 = 3*g. Suppose 4*v - 70 = -3*k - v, -2*k + q*v = -52. Let m = -17 + k. What are the prime factors of m?
2
Let l = -77 + 80. Let m(n) = 4*n**3 + n**2 - 4*n + 9. List the prime factors of m(l).
2, 3, 19
Suppose -53*r + 1184 = -51*r. What are the prime factors of r?
2, 37
Let y(s) = -s**3 + 2*s**3 + 6*s**2 - 2*s**3 + 6 - s + 0*s**3. Let g be y(6). Suppose -l + g = -2. List the prime factors of l.
2
Let p(y) be the second derivative of y**5/20 - 5*y**4/12 + y**3/3 + 11*y**2/2 - 12*y. List the prime factors of p(4).
3
What are the prime factors of ((-1020)/425)/(139/140 - 1)?
2, 3, 7
Let h(u) = u**3 - 28*u**2 + 85*u - 28. List the prime factors of h(26).
2, 5, 83
Let i(u) = -5*u - 9. Let a = 5 - 2. Suppose -a*w - 30 = 3*h, w - 10 = 3*h + 12. What are the prime factors of i(h)?
31
Let g be (-4)/7 - 0 - 165/(-105). What are the prime factors of ((-228)/15 - 1)/(g/(-5))?
3
Let l = 108 - 61. Let p = l - -26. List the prime factors of p.
73
Let f(a) = 2*a + 1. Let d be f(4). Let j = d - 6. What are the prime factors of 21 - ((-3 - -3) + j)?
2, 3
Let w be ((-123)/3)/(2/(-12)). Let k = w + -162. List the prime factors of k.
2, 3, 7
What are the prime factors of -3 + (-741)/(2 + -5)?
2, 61
Let h(z) = -10*z + 1284. What are the prime factors of h(0)?
2, 3, 107
Suppose 8*y - 975 - 673 = 0. List the prime factors of y.
2, 103
Let f(o) = o**2 + 3*o + 5. Let g be (3/6)/(1/(-4)). Let c be 0 - (-2 - -10)/g. What are the prime factors of f(c)?
3, 11
Let y be 8/(0 + -2) + 7. Suppose -y*m - 5*q = -290, m - 3*m - q + 184 = 0. List the prime factors of m.
2, 3, 5
Let g be (-1 - 0)*-3*11. Suppose 0 = 11*f - 7*f - 1448. Suppose -7*l + f = g. List the prime factors of l.
47
Suppose -14*v - 6*v + 16280 = 0. What are the prime factors of v?
2, 11, 37
Let h(u) = -5*u**2 - u + 6. Let m be h(-6). Let g = -119 - m. Suppose g = 2*i - 5*x, -2*i - 4*x = i - 62. List the prime factors of i.
2, 11
Suppose -5 = 3*j - g, -5*j + 3*g - 15 = -0*g. Suppose 0 = 4*u - h - 177, -5*u + h - 2*h + 219 = j. Let x = 73 - u. List the prime factors of x.
29
Let i = -24 - -750. List the prime factors of i.
2, 3, 11
Let v(l) = 4*l**2 - 56*l - 77. What are the prime factors of v(29)?
1663
Let d = 5 - -17. List the prime factors of (0 - -14)/(d/77).
7
Suppose 0 = -i - 7 - 5. Let o(s) = s**3 - s**2 + s + 1. Let x(d) = -5*d**3 - 8*d**2 - 4*d - 7. Let f(g) = -4*o(g) - x(g). What are the prime factors of f(i)?
3
Let n(h) = h**3 + h**2 + 2*h - 1. Let v be n(4). Suppose -5*y + 111 = 4*k - 34, 5*k + v = 3*y. What are the prime factors of y?
29
Let d(v) = -197*v - 93. What are the prime factors of d(-4)?
5, 139
Suppose -6*m + 2*m - 4*q + 20 = 0, 14 = 4*m + 2*q. Suppose -4*u + 4*d + 104 = 0, 4*u + m*d + 38 - 118 = 0. Let t = 40 - u. List the prime factors of t.
2, 3
What are the prime factors of ((-6)/(-8))/(4/2160*5)?
3
Let r = 63 + -65. List the prime factors of (-87 - r)*-3 + (-4)/(-2).
257
Suppose -16 = -19*c + 15*c. Suppose 3*y + n - 2 = 2*y, n = -3*y + 12. Suppose y*x = -c*x + 639. What are the prime factors of x?
71
Suppose 5*a - 9671 = -4*o, 13628 = 5*a - 5*o + 3993. What are the prime factors of a?
1931
Suppose 5*x - 107 = -3*t, -4*t - 28 - 51 = -5*x. Suppose -x = -5*b + 1. Suppose 2*n - 156 = -2*f + n, 0 = b*f + 3*n - 310. What are the prime factors of f?
79
Suppose 596 = 5*h - 709. Let o = h - 142. List the prime factors of o.
7, 17
List the prime factors of ((-108)/(-10))/((-9876)/1980 - -5).
3, 11
Suppose 0 = -22*l + 25*l - 10497. What are the prime factors of l?
3499
Let d = 10 - 4. Suppose i + 4*i - 80 = -4*u, -5*u + 37 = i. Suppose -i = -d*v + 2*v. What are the prime factors of v?
3
Let a(t) = 7*t - 3. Suppose 11 = -o + 2*k + 2*k, o + 21 = 2*k. Let p = -25 - o. What are the prime factors of a(p)?
3, 13
Let n(d) = d**2 + 4*d + 16. Let h be n(-6). Suppose h*p + 205 = 33*p. What are the prime factors of -4 + (p - (2 - 6))?
41
Let b = -1 + 3. Suppose b*l = -l + 15. Suppose 4*w - 3*w - i = 20, 60 = l*w + 5*i. List the prime factors of w.
2
Let d be -1*((-29)/(-3))/(2/(-18)). Let